mmon factor of 18 and 4492521?
9
What is the greatest common factor of 51480 and 18?
18
What is the greatest common factor of 279361 and 51?
17
What is the highest common divisor of 81 and 10836666?
81
What is the greatest common factor of 18016 and 480?
32
Calculate the greatest common divisor of 33 and 296186.
11
Calculate the greatest common factor of 45 and 341685.
45
What is the greatest common factor of 336 and 1400?
56
What is the greatest common factor of 124 and 280?
4
What is the highest common divisor of 320 and 3254080?
320
What is the highest common factor of 319744 and 4992?
128
What is the greatest common divisor of 2167908 and 612?
204
Calculate the greatest common factor of 50336 and 65.
13
What is the greatest common divisor of 18618 and 348?
174
Calculate the greatest common factor of 1165162 and 116.
58
What is the greatest common divisor of 360 and 364248?
72
Calculate the greatest common divisor of 13746 and 10902.
474
What is the highest common divisor of 5115 and 110?
55
Calculate the greatest common factor of 21204 and 68076.
1116
Calculate the highest common factor of 14190 and 23865.
645
Calculate the greatest common divisor of 7 and 483469.
7
Calculate the greatest common factor of 2399825 and 295.
295
Calculate the greatest common factor of 1156 and 4182.
34
What is the highest common factor of 2149 and 5733?
7
Calculate the greatest common factor of 126 and 12894.
42
What is the highest common factor of 390 and 196638?
78
Calculate the highest common factor of 19234659 and 519.
519
Calculate the greatest common factor of 36366 and 36917.
551
Calculate the greatest common factor of 228801 and 477.
159
Calculate the greatest common divisor of 2569 and 98.
7
Calculate the greatest common divisor of 738161 and 61.
61
Calculate the highest common factor of 116 and 984695.
29
Calculate the highest common divisor of 1246 and 826.
14
What is the greatest common divisor of 187 and 3817?
11
Calculate the highest common divisor of 324 and 250596.
36
Calculate the greatest common factor of 103 and 5759863.
103
What is the highest common divisor of 418 and 1386?
22
Calculate the highest common factor of 264 and 25035.
3
Calculate the highest common divisor of 1173492 and 24.
12
What is the highest common divisor of 913726 and 451?
451
Calculate the highest common factor of 14825 and 25.
25
What is the highest common factor of 2883 and 100068?
93
Calculate the highest common divisor of 1516836 and 36.
12
Calculate the greatest common divisor of 105705 and 1620.
405
Calculate the greatest common factor of 128 and 181696.
64
Calculate the highest common divisor of 130240 and 2020.
20
Calculate the greatest common factor of 5642 and 1426.
62
Calculate the greatest common divisor of 288548 and 11284.
1612
What is the highest common divisor of 3486509 and 3988?
997
What is the highest common divisor of 10686 and 702?
78
What is the greatest common factor of 16 and 3086?
2
What is the greatest common divisor of 255444 and 84?
84
Calculate the highest common divisor of 12104 and 6256.
136
What is the greatest common factor of 8024 and 5487?
59
What is the greatest common factor of 2180053 and 337?
337
What is the greatest common factor of 5702 and 14?
2
What is the greatest common factor of 3825383 and 46?
23
What is the highest common factor of 94354 and 52?
26
What is the greatest common factor of 14220 and 53562?
474
What is the highest common factor of 14 and 8083726?
14
Calculate the greatest common divisor of 16153 and 3342.
557
Calculate the greatest common factor of 909745 and 265.
265
What is the greatest common divisor of 841 and 54897?
29
Calculate the greatest common divisor of 1025 and 2296.
41
What is the highest common divisor of 69792 and 5536?
32
Calculate the highest common divisor of 15 and 17583.
3
Calculate the highest common factor of 14949 and 44.
11
Calculate the greatest common factor of 12825 and 300.
75
What is the highest common factor of 100141 and 478?
239
Calculate the greatest common divisor of 20043 and 18.
9
What is the greatest common divisor of 12144 and 418?
22
What is the highest common factor of 1411 and 1071?
17
Calculate the greatest common factor of 889 and 499237.
127
Calculate the greatest common factor of 1425 and 400.
25
What is the greatest common factor of 94 and 8621962?
94
What is the greatest common factor of 1560 and 9165?
195
What is the greatest common divisor of 36 and 31728?
12
What is the greatest common divisor of 577 and 12805938?
577
Calculate the highest common divisor of 28160 and 1024.
512
Calculate the highest common divisor of 2058945 and 75.
15
What is the greatest common divisor of 971893 and 13?
13
What is the greatest common divisor of 616107 and 123?
123
Calculate the greatest common factor of 2445 and 48795.
15
What is the greatest common factor of 4011 and 609?
21
What is the greatest common factor of 22692 and 27572?
244
Calculate the highest common factor of 10131 and 132.
33
Calculate the highest common factor of 2756263 and 2427.
809
What is the greatest common divisor of 12236 and 920?
92
What is the greatest common factor of 7 and 7770?
7
What is the highest common divisor of 81 and 136404?
81
Calculate the highest common factor of 408 and 8364.
204
Calculate the highest common divisor of 23569 and 3848.
481
Calculate the greatest common factor of 15431 and 5811.
13
What is the highest common factor of 28674 and 1296?
162
Calculate the highest common divisor of 90 and 384894.
18
Calculate the highest common divisor of 179870 and 90.
10
Calculate the greatest common divisor of 6488 and 48.
8
Calculate the highest common divisor of 1044821 and 23.
23
What is the greatest common divisor of 234 and 9984?
78
Calculate the highest common divisor of 292565 and 2639.
91
Calculate the highest common factor of 129304 and 10696.
56
What is the greatest common divisor of 70 and 710080?
70
What is the highest common factor of 291327 and 3363?
57
What is the highest common factor of 43972 and 12?
4
What is the greatest common divisor of 1242 and 3423366?
414
Calculate the greatest common divisor of 8379 and 23655.
57
Calculate the highest common factor of 3815 and 21490.
35
What is the greatest common divisor of 17476 and 17?
17
What is the highest common divisor of 81 and 794151?
27
Calculate the highest common divisor of 6957648 and 432.
144
Calculate the greatest common factor of 660 and 205524.
132
What is the greatest common divisor of 581 and 2219?
7
What is the highest common divisor of 79322 and 170?
34
What is the greatest common factor of 61578 and 33?
33
What is the highest common factor of 252888 and 276?
12
Calculate the highest common factor of 593124 and 46.
46
Calculate the greatest common divisor of 2446480 and 80.
80
What is the highest common factor of 1708892 and 1304?
652
Calculate the highest common divisor of 24152 and 16.
8
What is the highest common divisor of 24058920 and 24?
24
Calculate the greatest common factor of 1274 and 1794.
26
What is the highest common factor of 338 and 3471767?
169
Calculate the greatest common factor of 277632 and 198.
18
What is the highest common factor of 4070823 and 236?
59
What is the highest common divisor of 4620 and 564410?
770
Calculate the greatest common factor of 20172 and 15.
3
Calculate the greatest common divisor of 6770 and 1250.
10
Calculate the highest common factor of 156190 and 150.
10
What is the greatest common factor of 22995 and 5?
5
What is the greatest common factor of 68524 and 3404?
148
What is the greatest common factor of 644506 and 69?
23
Calculate the highest common factor of 5273621 and 551.
551
What is the highest common divisor of 22 and 10186?
22
Calculate the highest common factor of 1202198 and 1604.
802
What is the highest common divisor of 955118 and 148?
74
What is the highest common factor of 2649 and 15?
3
Calculate the highest common divisor of 2496 and 78000.
624
What is the greatest common factor of 252 and 459928?
28
Calculate the greatest common factor of 35469 and 9.
9
Calculate the greatest common factor of 7570 and 85.
5
What is the highest common factor of 586625 and 361?
361
Calculate the highest common divisor of 6967764 and 36.
36
What is the highest common f